{"id":9,"date":"2022-01-20T20:08:28","date_gmt":"2022-01-20T19:08:28","guid":{"rendered":"https:\/\/www.wohnraumbylang.at\/?page_id=9"},"modified":"2022-02-23T19:42:50","modified_gmt":"2022-02-23T18:42:50","slug":"wohnraumbylang","status":"publish","type":"page","link":"https:\/\/www.wohnraumbylang.at\/","title":{"rendered":"Wohnraumbylang"},"content":{"rendered":"<style>\/*! elementor - v3.5.5 - 03-02-2022 *\/<br \/>\n.elementor-heading-title{padding:0;margin:0;line-height:1}.elementor-widget-heading .elementor-heading-title[class*=elementor-size-]>a{color:inherit;font-size:inherit;line-height:inherit}.elementor-widget-heading .elementor-heading-title.elementor-size-small{font-size:15px}.elementor-widget-heading .elementor-heading-title.elementor-size-medium{font-size:19px}.elementor-widget-heading .elementor-heading-title.elementor-size-large{font-size:29px}.elementor-widget-heading .elementor-heading-title.elementor-size-xl{font-size:39px}.elementor-widget-heading .elementor-heading-title.elementor-size-xxl{font-size:59px}<\/style>\n<h1>Wohnraum<\/h1>\n<p>by Lang<\/p>\n<p>Montage Service<br \/>\nf\u00fcr Einbauk\u00fcchen und mehr<\/p>\n<p><a href=\"#wohnraumbylang-angebot\" role=\"button\"><br \/>\nErfahren Sie mehr<br \/>\n<\/a><\/p>\n<style>\/*! elementor - v3.5.5 - 03-02-2022 *\/<br \/>\n.elementor-widget-image{text-align:center}.elementor-widget-image a{display:inline-block}.elementor-widget-image a img[src$=\".svg\"]{width:48px}.elementor-widget-image img{vertical-align:middle;display:inline-block}<\/style>\n<p>\t\t\t\t\t\t\t\t\t\t\t\t<img decoding=\"async\" src=\"http:\/\/www.wohnraumbylang.at\/wp-content\/uploads\/2022\/02\/Design-ohne-Titel.png\" alt=\"\" loading=\"lazy\" srcset=\"https:\/\/www.wohnraumbylang.at\/wp-content\/uploads\/2022\/02\/Design-ohne-Titel.png 500w, https:\/\/www.wohnraumbylang.at\/wp-content\/uploads\/2022\/02\/Design-ohne-Titel-300x300.png 300w, https:\/\/www.wohnraumbylang.at\/wp-content\/uploads\/2022\/02\/Design-ohne-Titel-150x150.png 150w\" sizes=\"auto, (max-width: 500px) 100vw, 500px\" width=\"500\" height=\"500\"><\/p>\n<h4>HERZLICH WILLKOMMEN<\/h4>\n<p>Wir lieben was wir tun und die Leidenschaft zu Holz ist f\u00fcr uns keine Arbeit, sondern es ist unsere Berufung. Das kundenorientierte und perfekte Ergebnis ist unser Antrieb.<\/p>\n<p>Wir sind ihr zuverl\u00e4ssiger Partner f\u00fcr die Montage von K\u00fcchen und M\u00f6bel f\u00fcr Ihr Unternehmen. Qualit\u00e4t, Kompetenz und Zuverl\u00e4ssigkeit bilden unsere Unternehmenswerte.<\/p>\n<style>\/*! elementor - v3.5.5 - 03-02-2022 *\/<br \/>\nbody.elementor-page .elementor-widget-menu-anchor{margin-bottom:0}<\/style>\n<h3>Wir montieren Ihre K\u00fcche und mehr<\/h3>\n<h5>Unser Angebot f\u00fcr Sie<\/h5>\n<style>\/*! elementor - v3.5.5 - 03-02-2022 *\/<br \/>\n.elementor-widget-image-box .elementor-image-box-content{width:100%}@media (min-width:768px){.elementor-widget-image-box.elementor-position-left .elementor-image-box-wrapper,.elementor-widget-image-box.elementor-position-right .elementor-image-box-wrapper{display:-webkit-box;display:-ms-flexbox;display:flex}.elementor-widget-image-box.elementor-position-right .elementor-image-box-wrapper{text-align:right;-webkit-box-orient:horizontal;-webkit-box-direction:reverse;-ms-flex-direction:row-reverse;flex-direction:row-reverse}.elementor-widget-image-box.elementor-position-left .elementor-image-box-wrapper{text-align:left;-webkit-box-orient:horizontal;-webkit-box-direction:normal;-ms-flex-direction:row;flex-direction:row}.elementor-widget-image-box.elementor-position-top .elementor-image-box-img{margin:auto}.elementor-widget-image-box.elementor-vertical-align-top .elementor-image-box-wrapper{-webkit-box-align:start;-ms-flex-align:start;align-items:flex-start}.elementor-widget-image-box.elementor-vertical-align-middle .elementor-image-box-wrapper{-webkit-box-align:center;-ms-flex-align:center;align-items:center}.elementor-widget-image-box.elementor-vertical-align-bottom .elementor-image-box-wrapper{-webkit-box-align:end;-ms-flex-align:end;align-items:flex-end}}@media (max-width:767px){.elementor-widget-image-box .elementor-image-box-img{margin-left:auto!important;margin-right:auto!important;margin-bottom:15px}}.elementor-widget-image-box .elementor-image-box-img{display:inline-block}.elementor-widget-image-box .elementor-image-box-title a{color:inherit}.elementor-widget-image-box .elementor-image-box-wrapper{text-align:center}.elementor-widget-image-box .elementor-image-box-description{margin:0}<\/style>\n<figure><img decoding=\"async\" src=\"http:\/\/www.wohnraumbylang.at\/wp-content\/uploads\/elementor\/thumbs\/kueche_500x400-pji3kgvusshto2wqzm0bj964efci15ykt66a9fdla8.png\" title=\"k\u00fcche_500x400\" alt=\"k\u00fcche_500x400\"><\/figure>\n<h3>K\u00fcchenmontage<\/h3>\n<p>Wir \u00fcbernehmen Ihre beauftragte K\u00fcchenmontage unabh\u00e4ngig vom Hersteller und<br \/>\nFabrikat.<\/p>\n<figure><img decoding=\"async\" src=\"http:\/\/www.wohnraumbylang.at\/wp-content\/uploads\/2022\/01\/test_500x400.png\" alt=\"\" loading=\"lazy\" width=\"500\" height=\"400\"><\/figure>\n<h3>M\u00f6belmontage<\/h3>\n<p>Wir bauen f\u00fcr Ihren Kunden alte M\u00f6bel ab und die neuen M\u00f6bel &#8211; je nach Auftrag<br \/>\n&#8211; wieder auf.<\/p>\n<figure><img decoding=\"async\" src=\"http:\/\/www.wohnraumbylang.at\/wp-content\/uploads\/2022\/02\/image843.png\" alt=\"\" loading=\"lazy\" width=\"500\" height=\"400\"><\/figure>\n<h3>Transportservice<\/h3>\n<p>Wir bieten f\u00fcr Sie Transport- und M\u00f6belmontagedienstelistungen f\u00fcr Ihr<br \/>\nUnternehmen.<\/p>\n<style>\/*! elementor - v3.5.5 - 03-02-2022 *\/<br \/>\n.elementor-widget-divider{--divider-border-style:none;--divider-border-width:1px;--divider-color:#2c2c2c;--divider-icon-size:20px;--divider-element-spacing:10px;--divider-pattern-height:24px;--divider-pattern-size:20px;--divider-pattern-url:none;--divider-pattern-repeat:repeat-x}.elementor-widget-divider .elementor-divider{display:-webkit-box;display:-ms-flexbox;display:flex}.elementor-widget-divider .elementor-divider__text{font-size:15px;line-height:1;max-width:95%}.elementor-widget-divider .elementor-divider__element{margin:0 var(--divider-element-spacing);-ms-flex-negative:0;flex-shrink:0}.elementor-widget-divider .elementor-icon{font-size:var(--divider-icon-size)}.elementor-widget-divider .elementor-divider-separator{display:-webkit-box;display:-ms-flexbox;display:flex;margin:0;direction:ltr}.elementor-widget-divider--view-line_icon .elementor-divider-separator,.elementor-widget-divider--view-line_text .elementor-divider-separator{-webkit-box-align:center;-ms-flex-align:center;align-items:center}.elementor-widget-divider--view-line_icon .elementor-divider-separator:after,.elementor-widget-divider--view-line_icon .elementor-divider-separator:before,.elementor-widget-divider--view-line_text .elementor-divider-separator:after,.elementor-widget-divider--view-line_text .elementor-divider-separator:before{display:block;content:\"\";border-bottom:0;-webkit-box-flex:1;-ms-flex-positive:1;flex-grow:1;border-top:var(--divider-border-width) var(--divider-border-style) var(--divider-color)}.elementor-widget-divider--element-align-left .elementor-divider .elementor-divider-separator>.elementor-divider__svg:first-of-type{-webkit-box-flex:0;-ms-flex-positive:0;flex-grow:0;-ms-flex-negative:100;flex-shrink:100}.elementor-widget-divider--element-align-left .elementor-divider-separator:before{content:none}.elementor-widget-divider--element-align-left .elementor-divider__element{margin-left:0}.elementor-widget-divider--element-align-right .elementor-divider .elementor-divider-separator>.elementor-divider__svg:last-of-type{-webkit-box-flex:0;-ms-flex-positive:0;flex-grow:0;-ms-flex-negative:100;flex-shrink:100}.elementor-widget-divider--element-align-right .elementor-divider-separator:after{content:none}.elementor-widget-divider--element-align-right .elementor-divider__element{margin-right:0}.elementor-widget-divider:not(.elementor-widget-divider--view-line_text):not(.elementor-widget-divider--view-line_icon) .elementor-divider-separator{border-top:var(--divider-border-width) var(--divider-border-style) var(--divider-color)}.elementor-widget-divider--separator-type-pattern{--divider-border-style:none}.elementor-widget-divider--separator-type-pattern.elementor-widget-divider--view-line .elementor-divider-separator,.elementor-widget-divider--separator-type-pattern:not(.elementor-widget-divider--view-line) .elementor-divider-separator:after,.elementor-widget-divider--separator-type-pattern:not(.elementor-widget-divider--view-line) .elementor-divider-separator:before,.elementor-widget-divider--separator-type-pattern:not([class*=elementor-widget-divider--view]) .elementor-divider-separator{width:100%;min-height:var(--divider-pattern-height);-webkit-mask-size:var(--divider-pattern-size) 100%;mask-size:var(--divider-pattern-size) 100%;-webkit-mask-repeat:var(--divider-pattern-repeat);mask-repeat:var(--divider-pattern-repeat);background-color:var(--divider-color);-webkit-mask-image:var(--divider-pattern-url);mask-image:var(--divider-pattern-url)}.elementor-widget-divider--no-spacing{--divider-pattern-size:auto}.elementor-widget-divider--bg-round{--divider-pattern-repeat:round}.rtl .elementor-widget-divider .elementor-divider__text{direction:rtl}<\/style>\n<h5>Story<\/h5>\n<p>Mit unserem Angebot richten wir uns an Unternehmen, die auf unsere Montage-Leistungen zur\u00fcckgreifen k\u00f6nnen. Wir unterst\u00fctzen Sie dabei, wenn es Ihnen an ausreichend qualifiziertem Personal mangelt oder, wenn Sie zu hohe Personalkosten plagen. Wir unterst\u00fctzen Sie auch gerne zu Sto\u00dfzeiten, wenn Sie Entlastung ben\u00f6tigen.<\/p>\n<p>Aufgrund der st\u00e4ndig wachsenden Nachfrage nach qualitativ hochwertigen Arbeiten und Montagen, sowie ausgezeichneter Referenzen haben wir unseren Schwerpunkt auf Montage-Leistungen f\u00fcr K\u00fcchenstudios und Unternehmen gesetzt.<\/p>\n<h4>Referenzen<\/h4>\n<h5>Hier finden Sie Referenzfotos von unseren zufriedenen KundInnen<\/h5>\n<link rel=\"stylesheet\" href=\"https:\/\/www.wohnraumbylang.at\/wp-content\/plugins\/elementor-pro\/assets\/css\/widget-carousel.min.css\">\n\t\t\t\t\t\t\t\t\t\t\t\t\t\tPrevious<br \/>\nNext<\/p>\n<h4>Das Wohnraum-team<\/h4>\n<p>Ihre Spezialisten f\u00fcr die Montage<\/p>\n<figure><img decoding=\"async\" src=\"http:\/\/www.wohnraumbylang.at\/wp-content\/uploads\/2022\/01\/guenther_200x200.png\" alt=\"\" loading=\"lazy\" width=\"198\" height=\"198\"><\/figure>\n<h3>G\u00fcnther Lang<\/h3>\n<p>Gesch\u00e4ftsf\u00fchrung &amp; Planung<\/p>\n<p>&#8222;Ich bin G\u00fcnther Lang und nach erfolgreichem Abschluss als Tischler f\u00fchrte es mich in verschiedene K\u00fcchenstudios. Aus meiner Leidenschaft heraus gr\u00fcndete ich mein eigenes K\u00fcchenstudio. Aufgrund der hohen Nachfrage erweiterten wir unsere Spezialisierung auf K\u00fcchen- und M\u00f6belmontage f\u00fcr Unternehmen.&#8220;<\/p>\n<figure><img decoding=\"async\" src=\"http:\/\/www.wohnraumbylang.at\/wp-content\/uploads\/2022\/01\/josef_200x200.png\" alt=\"\" loading=\"lazy\" width=\"198\" height=\"198\"><\/figure>\n<h3>Josef Grasl<\/h3>\n<p>Leitung Montage-Team<\/p>\n<p>&#8222;Ich bin Josef Grasl, meine Liebe zum Detail und die Genauigkeit bei der Montage zeigen sich insbesondere in der Kundenzufriedenheit. Jede einzelne K\u00fcche ist ein Weg, den ich begleite. Wir sind ein starkes Team und stimmen die Montage perfekt auf die geplanten Details der Arbeiten ab.&#8220;<\/p>\n<h3>Kontakt<\/h3>\n<p>Wir freuen uns auf Ihre Herausforderung<\/p>\n<style>\/*! elementor - v3.5.5 - 03-02-2022 *\/<br \/>\n@media (min-width:768px){.elementor-widget-icon-box.elementor-position-left .elementor-icon-box-wrapper,.elementor-widget-icon-box.elementor-position-right .elementor-icon-box-wrapper{display:-webkit-box;display:-ms-flexbox;display:flex}.elementor-widget-icon-box.elementor-position-left .elementor-icon-box-icon,.elementor-widget-icon-box.elementor-position-right .elementor-icon-box-icon{display:-webkit-inline-box;display:-ms-inline-flexbox;display:inline-flex;-webkit-box-flex:0;-ms-flex:0 0 auto;flex:0 0 auto}.elementor-widget-icon-box.elementor-position-right .elementor-icon-box-wrapper{text-align:right;-webkit-box-orient:horizontal;-webkit-box-direction:reverse;-ms-flex-direction:row-reverse;flex-direction:row-reverse}.elementor-widget-icon-box.elementor-position-left .elementor-icon-box-wrapper{text-align:left;-webkit-box-orient:horizontal;-webkit-box-direction:normal;-ms-flex-direction:row;flex-direction:row}.elementor-widget-icon-box.elementor-position-top .elementor-icon-box-img{margin:auto}.elementor-widget-icon-box.elementor-vertical-align-top .elementor-icon-box-wrapper{-webkit-box-align:start;-ms-flex-align:start;align-items:flex-start}.elementor-widget-icon-box.elementor-vertical-align-middle .elementor-icon-box-wrapper{-webkit-box-align:center;-ms-flex-align:center;align-items:center}.elementor-widget-icon-box.elementor-vertical-align-bottom .elementor-icon-box-wrapper{-webkit-box-align:end;-ms-flex-align:end;align-items:flex-end}}@media (max-width:767px){.elementor-widget-icon-box .elementor-icon-box-icon{margin-left:auto!important;margin-right:auto!important;margin-bottom:15px}}.elementor-widget-icon-box .elementor-icon-box-wrapper{text-align:center}.elementor-widget-icon-box .elementor-icon-box-title a{color:inherit}.elementor-widget-icon-box .elementor-icon-box-content{-webkit-box-flex:1;-ms-flex-positive:1;flex-grow:1}.elementor-widget-icon-box .elementor-icon-box-description{margin:0}<\/style>\n<h3>\n\t\t\t\t\t\t0664\/8223915<\/h3>\n<p>Mo.-Fr.: 9:00-12:00 und 13:00-18:00<\/p>\n<p>Pirching 95\/1<br \/>\nA-8200 Gleisdorf<\/p>\n<p><strong>Email: <\/strong>office@wohnraumbylang.at<\/p>\n","protected":false},"excerpt":{"rendered":"<p>Wohnraum by Lang Montage Service f\u00fcr Einbauk\u00fcchen und mehr Erfahren Sie mehr HERZLICH WILLKOMMEN Wir lieben was wir tun und die Leidenschaft zu Holz ist f\u00fcr uns keine Arbeit, sondern es ist unsere Berufung. Das kundenorientierte und perfekte Ergebnis ist unser Antrieb. Wir sind ihr zuverl\u00e4ssiger Partner f\u00fcr die Montage von K\u00fcchen und M\u00f6bel f\u00fcr [&hellip;]<\/p>\n","protected":false},"author":2,"featured_media":0,"parent":0,"menu_order":0,"comment_status":"closed","ping_status":"closed","template":"elementor_header_footer","meta":{"ocean_post_layout":"full-screen","ocean_both_sidebars_style":"","ocean_both_sidebars_content_width":0,"ocean_both_sidebars_sidebars_width":0,"ocean_sidebar":"0","ocean_second_sidebar":"0","ocean_disable_margins":"enable","ocean_add_body_class":"","ocean_shortcode_before_top_bar":"","ocean_shortcode_after_top_bar":"","ocean_shortcode_before_header":"","ocean_shortcode_after_header":"","ocean_has_shortcode":"","ocean_shortcode_after_title":"","ocean_shortcode_before_footer_widgets":"","ocean_shortcode_after_footer_widgets":"","ocean_shortcode_before_footer_bottom":"","ocean_shortcode_after_footer_bottom":"","ocean_display_top_bar":"off","ocean_display_header":"on","ocean_header_style":"","ocean_center_header_left_menu":"0","ocean_custom_header_template":"0","ocean_custom_logo":0,"ocean_custom_retina_logo":0,"ocean_custom_logo_max_width":0,"ocean_custom_logo_tablet_max_width":0,"ocean_custom_logo_mobile_max_width":0,"ocean_custom_logo_max_height":0,"ocean_custom_logo_tablet_max_height":0,"ocean_custom_logo_mobile_max_height":0,"ocean_header_custom_menu":"0","ocean_menu_typo_font_family":"0","ocean_menu_typo_font_subset":"","ocean_menu_typo_font_size":0,"ocean_menu_typo_font_size_tablet":0,"ocean_menu_typo_font_size_mobile":0,"ocean_menu_typo_font_size_unit":"px","ocean_menu_typo_font_weight":"","ocean_menu_typo_font_weight_tablet":"","ocean_menu_typo_font_weight_mobile":"","ocean_menu_typo_transform":"","ocean_menu_typo_transform_tablet":"","ocean_menu_typo_transform_mobile":"","ocean_menu_typo_line_height":0,"ocean_menu_typo_line_height_tablet":0,"ocean_menu_typo_line_height_mobile":0,"ocean_menu_typo_line_height_unit":"","ocean_menu_typo_spacing":0,"ocean_menu_typo_spacing_tablet":0,"ocean_menu_typo_spacing_mobile":0,"ocean_menu_typo_spacing_unit":"","ocean_menu_link_color":"","ocean_menu_link_color_hover":"","ocean_menu_link_color_active":"","ocean_menu_link_background":"","ocean_menu_link_hover_background":"","ocean_menu_link_active_background":"","ocean_menu_social_links_bg":"","ocean_menu_social_hover_links_bg":"","ocean_menu_social_links_color":"","ocean_menu_social_hover_links_color":"","ocean_disable_title":"on","ocean_disable_heading":"default","ocean_post_title":"","ocean_post_subheading":"","ocean_post_title_style":"","ocean_post_title_background_color":"","ocean_post_title_background":0,"ocean_post_title_bg_image_position":"","ocean_post_title_bg_image_attachment":"","ocean_post_title_bg_image_repeat":"","ocean_post_title_bg_image_size":"","ocean_post_title_height":0,"ocean_post_title_bg_overlay":0.5,"ocean_post_title_bg_overlay_color":"","ocean_disable_breadcrumbs":"default","ocean_breadcrumbs_color":"","ocean_breadcrumbs_separator_color":"","ocean_breadcrumbs_links_color":"","ocean_breadcrumbs_links_hover_color":"","ocean_display_footer_widgets":"off","ocean_display_footer_bottom":"on","ocean_custom_footer_template":"0","footnotes":""},"class_list":["post-9","page","type-page","status-publish","hentry","entry"],"yoast_head":"<!-- This site is optimized with the Yoast SEO plugin v27.3 - https:\/\/yoast.com\/product\/yoast-seo-wordpress\/ -->\n<title>Wohnraum by Lang<\/title>\n<meta name=\"description\" content=\"Montageservice f\u00fcr Einbauk\u00fcchen und M\u00f6bel. Transportservice und Montage-Leistungen f\u00fcr K\u00fcchenstudios und Unternehmen.\" \/>\n<meta name=\"robots\" content=\"noindex, follow, max-snippet:-1, max-image-preview:large, max-video-preview:-1\" \/>\n<meta property=\"og:locale\" content=\"de_DE\" \/>\n<meta property=\"og:type\" content=\"article\" \/>\n<meta property=\"og:title\" content=\"Wohnraum by Lang\" \/>\n<meta property=\"og:description\" content=\"Montageservice f\u00fcr Einbauk\u00fcchen und M\u00f6bel. Transportservice und Montage-Leistungen f\u00fcr K\u00fcchenstudios und Unternehmen.\" \/>\n<meta property=\"og:url\" content=\"https:\/\/www.wohnraumbylang.at\/\" \/>\n<meta property=\"og:site_name\" content=\"Wohnraumbylang\" \/>\n<meta property=\"article:modified_time\" content=\"2022-02-23T18:42:50+00:00\" \/>\n<meta property=\"og:image\" content=\"http:\/\/www.wohnraumbylang.at\/wp-content\/uploads\/2022\/02\/Design-ohne-Titel.png\" \/>\n<meta name=\"twitter:card\" content=\"summary_large_image\" \/>\n<meta name=\"twitter:label1\" content=\"Gesch\u00e4tzte Lesezeit\" \/>\n\t<meta name=\"twitter:data1\" content=\"4\u00a0Minuten\" \/>\n<script type=\"application\/ld+json\" class=\"yoast-schema-graph\">{\"@context\":\"https:\\\/\\\/schema.org\",\"@graph\":[{\"@type\":\"WebPage\",\"@id\":\"https:\\\/\\\/www.wohnraumbylang.at\\\/\",\"url\":\"https:\\\/\\\/www.wohnraumbylang.at\\\/\",\"name\":\"Wohnraum by Lang\",\"isPartOf\":{\"@id\":\"https:\\\/\\\/www.wohnraumbylang.at\\\/#website\"},\"primaryImageOfPage\":{\"@id\":\"https:\\\/\\\/www.wohnraumbylang.at\\\/#primaryimage\"},\"image\":{\"@id\":\"https:\\\/\\\/www.wohnraumbylang.at\\\/#primaryimage\"},\"thumbnailUrl\":\"http:\\\/\\\/www.wohnraumbylang.at\\\/wp-content\\\/uploads\\\/2022\\\/02\\\/Design-ohne-Titel.png\",\"datePublished\":\"2022-01-20T19:08:28+00:00\",\"dateModified\":\"2022-02-23T18:42:50+00:00\",\"description\":\"Montageservice f\u00fcr Einbauk\u00fcchen und M\u00f6bel. Transportservice und Montage-Leistungen f\u00fcr K\u00fcchenstudios und Unternehmen.\",\"breadcrumb\":{\"@id\":\"https:\\\/\\\/www.wohnraumbylang.at\\\/#breadcrumb\"},\"inLanguage\":\"de\",\"potentialAction\":[{\"@type\":\"ReadAction\",\"target\":[\"https:\\\/\\\/www.wohnraumbylang.at\\\/\"]}]},{\"@type\":\"ImageObject\",\"inLanguage\":\"de\",\"@id\":\"https:\\\/\\\/www.wohnraumbylang.at\\\/#primaryimage\",\"url\":\"http:\\\/\\\/www.wohnraumbylang.at\\\/wp-content\\\/uploads\\\/2022\\\/02\\\/Design-ohne-Titel.png\",\"contentUrl\":\"http:\\\/\\\/www.wohnraumbylang.at\\\/wp-content\\\/uploads\\\/2022\\\/02\\\/Design-ohne-Titel.png\"},{\"@type\":\"BreadcrumbList\",\"@id\":\"https:\\\/\\\/www.wohnraumbylang.at\\\/#breadcrumb\",\"itemListElement\":[{\"@type\":\"ListItem\",\"position\":1,\"name\":\"Startseite\",\"item\":\"https:\\\/\\\/www.wohnraumbylang.at\\\/\"},{\"@type\":\"ListItem\",\"position\":2,\"name\":\"Wohnraumbylang\"}]},{\"@type\":\"WebSite\",\"@id\":\"https:\\\/\\\/www.wohnraumbylang.at\\\/#website\",\"url\":\"https:\\\/\\\/www.wohnraumbylang.at\\\/\",\"name\":\"Wohnraumbylang\",\"description\":\"Montageservice f\u00fcr Einbauk\u00fcchen und mehr\",\"publisher\":{\"@id\":\"https:\\\/\\\/www.wohnraumbylang.at\\\/#organization\"},\"potentialAction\":[{\"@type\":\"SearchAction\",\"target\":{\"@type\":\"EntryPoint\",\"urlTemplate\":\"https:\\\/\\\/www.wohnraumbylang.at\\\/?s={search_term_string}\"},\"query-input\":{\"@type\":\"PropertyValueSpecification\",\"valueRequired\":true,\"valueName\":\"search_term_string\"}}],\"inLanguage\":\"de\"},{\"@type\":\"Organization\",\"@id\":\"https:\\\/\\\/www.wohnraumbylang.at\\\/#organization\",\"name\":\"Wohnraumbylang\",\"url\":\"https:\\\/\\\/www.wohnraumbylang.at\\\/\",\"logo\":{\"@type\":\"ImageObject\",\"inLanguage\":\"de\",\"@id\":\"https:\\\/\\\/www.wohnraumbylang.at\\\/#\\\/schema\\\/logo\\\/image\\\/\",\"url\":\"https:\\\/\\\/www.wohnraumbylang.at\\\/wp-content\\\/uploads\\\/2022\\\/01\\\/wohnraumbylang.jpg\",\"contentUrl\":\"https:\\\/\\\/www.wohnraumbylang.at\\\/wp-content\\\/uploads\\\/2022\\\/01\\\/wohnraumbylang.jpg\",\"width\":1000,\"height\":203,\"caption\":\"Wohnraumbylang\"},\"image\":{\"@id\":\"https:\\\/\\\/www.wohnraumbylang.at\\\/#\\\/schema\\\/logo\\\/image\\\/\"}}]}<\/script>\n<!-- \/ Yoast SEO plugin. -->","yoast_head_json":{"title":"Wohnraum by Lang","description":"Montageservice f\u00fcr Einbauk\u00fcchen und M\u00f6bel. Transportservice und Montage-Leistungen f\u00fcr K\u00fcchenstudios und Unternehmen.","robots":{"index":"noindex","follow":"follow","max-snippet":"max-snippet:-1","max-image-preview":"max-image-preview:large","max-video-preview":"max-video-preview:-1"},"og_locale":"de_DE","og_type":"article","og_title":"Wohnraum by Lang","og_description":"Montageservice f\u00fcr Einbauk\u00fcchen und M\u00f6bel. Transportservice und Montage-Leistungen f\u00fcr K\u00fcchenstudios und Unternehmen.","og_url":"https:\/\/www.wohnraumbylang.at\/","og_site_name":"Wohnraumbylang","article_modified_time":"2022-02-23T18:42:50+00:00","og_image":[{"url":"http:\/\/www.wohnraumbylang.at\/wp-content\/uploads\/2022\/02\/Design-ohne-Titel.png","type":"","width":"","height":""}],"twitter_card":"summary_large_image","twitter_misc":{"Gesch\u00e4tzte Lesezeit":"4\u00a0Minuten"},"schema":{"@context":"https:\/\/schema.org","@graph":[{"@type":"WebPage","@id":"https:\/\/www.wohnraumbylang.at\/","url":"https:\/\/www.wohnraumbylang.at\/","name":"Wohnraum by Lang","isPartOf":{"@id":"https:\/\/www.wohnraumbylang.at\/#website"},"primaryImageOfPage":{"@id":"https:\/\/www.wohnraumbylang.at\/#primaryimage"},"image":{"@id":"https:\/\/www.wohnraumbylang.at\/#primaryimage"},"thumbnailUrl":"http:\/\/www.wohnraumbylang.at\/wp-content\/uploads\/2022\/02\/Design-ohne-Titel.png","datePublished":"2022-01-20T19:08:28+00:00","dateModified":"2022-02-23T18:42:50+00:00","description":"Montageservice f\u00fcr Einbauk\u00fcchen und M\u00f6bel. Transportservice und Montage-Leistungen f\u00fcr K\u00fcchenstudios und Unternehmen.","breadcrumb":{"@id":"https:\/\/www.wohnraumbylang.at\/#breadcrumb"},"inLanguage":"de","potentialAction":[{"@type":"ReadAction","target":["https:\/\/www.wohnraumbylang.at\/"]}]},{"@type":"ImageObject","inLanguage":"de","@id":"https:\/\/www.wohnraumbylang.at\/#primaryimage","url":"http:\/\/www.wohnraumbylang.at\/wp-content\/uploads\/2022\/02\/Design-ohne-Titel.png","contentUrl":"http:\/\/www.wohnraumbylang.at\/wp-content\/uploads\/2022\/02\/Design-ohne-Titel.png"},{"@type":"BreadcrumbList","@id":"https:\/\/www.wohnraumbylang.at\/#breadcrumb","itemListElement":[{"@type":"ListItem","position":1,"name":"Startseite","item":"https:\/\/www.wohnraumbylang.at\/"},{"@type":"ListItem","position":2,"name":"Wohnraumbylang"}]},{"@type":"WebSite","@id":"https:\/\/www.wohnraumbylang.at\/#website","url":"https:\/\/www.wohnraumbylang.at\/","name":"Wohnraumbylang","description":"Montageservice f\u00fcr Einbauk\u00fcchen und mehr","publisher":{"@id":"https:\/\/www.wohnraumbylang.at\/#organization"},"potentialAction":[{"@type":"SearchAction","target":{"@type":"EntryPoint","urlTemplate":"https:\/\/www.wohnraumbylang.at\/?s={search_term_string}"},"query-input":{"@type":"PropertyValueSpecification","valueRequired":true,"valueName":"search_term_string"}}],"inLanguage":"de"},{"@type":"Organization","@id":"https:\/\/www.wohnraumbylang.at\/#organization","name":"Wohnraumbylang","url":"https:\/\/www.wohnraumbylang.at\/","logo":{"@type":"ImageObject","inLanguage":"de","@id":"https:\/\/www.wohnraumbylang.at\/#\/schema\/logo\/image\/","url":"https:\/\/www.wohnraumbylang.at\/wp-content\/uploads\/2022\/01\/wohnraumbylang.jpg","contentUrl":"https:\/\/www.wohnraumbylang.at\/wp-content\/uploads\/2022\/01\/wohnraumbylang.jpg","width":1000,"height":203,"caption":"Wohnraumbylang"},"image":{"@id":"https:\/\/www.wohnraumbylang.at\/#\/schema\/logo\/image\/"}}]}},"_links":{"self":[{"href":"https:\/\/www.wohnraumbylang.at\/index.php?rest_route=\/wp\/v2\/pages\/9","targetHints":{"allow":["GET"]}}],"collection":[{"href":"https:\/\/www.wohnraumbylang.at\/index.php?rest_route=\/wp\/v2\/pages"}],"about":[{"href":"https:\/\/www.wohnraumbylang.at\/index.php?rest_route=\/wp\/v2\/types\/page"}],"author":[{"embeddable":true,"href":"https:\/\/www.wohnraumbylang.at\/index.php?rest_route=\/wp\/v2\/users\/2"}],"replies":[{"embeddable":true,"href":"https:\/\/www.wohnraumbylang.at\/index.php?rest_route=%2Fwp%2Fv2%2Fcomments&post=9"}],"version-history":[{"count":147,"href":"https:\/\/www.wohnraumbylang.at\/index.php?rest_route=\/wp\/v2\/pages\/9\/revisions"}],"predecessor-version":[{"id":346,"href":"https:\/\/www.wohnraumbylang.at\/index.php?rest_route=\/wp\/v2\/pages\/9\/revisions\/346"}],"wp:attachment":[{"href":"https:\/\/www.wohnraumbylang.at\/index.php?rest_route=%2Fwp%2Fv2%2Fmedia&parent=9"}],"curies":[{"name":"wp","href":"https:\/\/api.w.org\/{rel}","templated":true}]}}